{"id":1209,"date":"2020-01-23T16:09:57","date_gmt":"2020-01-23T16:09:57","guid":{"rendered":"http:\/\/old.wsap.com.pl\/?page_id=1209"},"modified":"2021-09-23T21:18:30","modified_gmt":"2021-09-23T19:18:30","slug":"zmiana-zasad","status":"publish","type":"page","link":"http:\/\/old.wsap.com.pl\/?page_id=1209","title":{"rendered":"Zmiany zasad udzielania stypendi\u00f3w"},"content":{"rendered":"\t\t<div data-elementor-type=\"wp-page\" data-elementor-id=\"1209\" class=\"elementor elementor-1209\">\n\t\t\t\t\t\t<div class=\"elementor-inner\">\n\t\t\t\t<div class=\"elementor-section-wrap\">\n\t\t\t\t\t\t\t\t\t<section class=\"elementor-section elementor-top-section elementor-element elementor-element-c52ed89 elementor-section-boxed elementor-section-height-default elementor-section-height-default\" data-id=\"c52ed89\" data-element_type=\"section\">\n\t\t\t\t\t\t<div class=\"elementor-container elementor-column-gap-default\">\n\t\t\t\t\t\t\t<div class=\"elementor-row\">\n\t\t\t\t\t<div class=\"elementor-column elementor-col-100 elementor-top-column elementor-element elementor-element-4711f95\" data-id=\"4711f95\" data-element_type=\"column\">\n\t\t\t<div class=\"elementor-column-wrap elementor-element-populated\">\n\t\t\t\t\t\t\t<div class=\"elementor-widget-wrap\">\n\t\t\t\t\t\t<div class=\"elementor-element elementor-element-c6407a5 elementor-widget elementor-widget-heading\" data-id=\"c6407a5\" data-element_type=\"widget\" data-widget_type=\"heading.default\">\n\t\t\t\t<div class=\"elementor-widget-container\">\n\t\t\t<h2 class=\"elementor-heading-title elementor-size-default\">\n\nZMIANY DOTYCZ\u0104CE ZASAD UBIEGANIA SI\u0118 O \u015aWIADCZENIA (STYPENDIA) DLA STUDENT\u00d3W\nZGODNIE Z NOW\u0104 USTAW\u0104 PRAWO O SZKOLNICTWIE WY\u017bSZYM I NAUCE\nZ DNIA 20 LIPCA 2018 R.<\/h2>\t\t<\/div>\n\t\t\t\t<\/div>\n\t\t\t\t\t\t<\/div>\n\t\t\t\t\t<\/div>\n\t\t<\/div>\n\t\t\t\t\t\t\t\t<\/div>\n\t\t\t\t\t<\/div>\n\t\t<\/section>\n\t\t\t\t<section class=\"elementor-section elementor-top-section elementor-element elementor-element-1ad3d61 elementor-section-boxed elementor-section-height-default elementor-section-height-default\" data-id=\"1ad3d61\" data-element_type=\"section\">\n\t\t\t\t\t\t<div class=\"elementor-container elementor-column-gap-default\">\n\t\t\t\t\t\t\t<div class=\"elementor-row\">\n\t\t\t\t\t<div class=\"elementor-column elementor-col-100 elementor-top-column elementor-element elementor-element-4596c12\" data-id=\"4596c12\" data-element_type=\"column\">\n\t\t\t<div class=\"elementor-column-wrap elementor-element-populated\">\n\t\t\t\t\t\t\t<div class=\"elementor-widget-wrap\">\n\t\t\t\t\t\t<div class=\"elementor-element elementor-element-3f27f04 elementor-widget elementor-widget-heading\" data-id=\"3f27f04\" data-element_type=\"widget\" data-widget_type=\"heading.default\">\n\t\t\t\t<div class=\"elementor-widget-container\">\n\t\t\t<h2 class=\"elementor-heading-title elementor-size-default\">Nowa ustawa wprowadza m.in. nast\u0119puj\u0105ce bardzo wa\u017cne zmiany:<\/h2>\t\t<\/div>\n\t\t\t\t<\/div>\n\t\t\t\t<section class=\"elementor-section elementor-inner-section elementor-element elementor-element-f3f0617 elementor-section-boxed elementor-section-height-default elementor-section-height-default elementor-invisible\" data-id=\"f3f0617\" data-element_type=\"section\" data-settings=\"{&quot;animation&quot;:&quot;lightSpeedIn&quot;}\">\n\t\t\t\t\t\t<div class=\"elementor-container elementor-column-gap-default\">\n\t\t\t\t\t\t\t<div class=\"elementor-row\">\n\t\t\t\t\t<div class=\"elementor-column elementor-col-50 elementor-inner-column elementor-element elementor-element-1e4040b\" data-id=\"1e4040b\" data-element_type=\"column\">\n\t\t\t<div class=\"elementor-column-wrap elementor-element-populated\">\n\t\t\t\t\t\t\t<div class=\"elementor-widget-wrap\">\n\t\t\t\t\t\t<div class=\"elementor-element elementor-element-2fb9d28 elementor-widget elementor-widget-text-editor\" data-id=\"2fb9d28\" data-element_type=\"widget\" data-widget_type=\"text-editor.default\">\n\t\t\t\t<div class=\"elementor-widget-container\">\n\t\t\t\t\t\t\t\t<div class=\"elementor-text-editor elementor-clearfix\">\n\t\t\t\t<p><strong>art. 88 ust 4<\/strong><\/p><p>Rektor albo komisja stypendialna lub odwo\u0142awcza komisja stypendialna odmawia przyznania stypendium socjalnego studentowi, kt\u00f3rego miesi\u0119czny doch\u00f3d na osob\u0119 w rodzinie nie przekracza kwoty okre\u015blonej w art. 8 ust. 1 pkt 2 ustawy z dnia 12 marca 2004 r. o pomocy spo\u0142ecznej, je\u017celi nie do\u0142\u0105czy do wniosku o przyznanie stypendium socjalnego\u00a0<strong>za\u015bwiadczenia z o\u015brodka pomocy spo\u0142ecznej o sytuacji dochodowej i maj\u0105tkowej swojej i rodziny<\/strong>.<\/p><p>Zgodnie z interpretacj\u0105 MNiSW w przypadku studenta, kt\u00f3rego miesi\u0119czny doch\u00f3d na osob\u0119 w rodzinie nie przekracza kwoty okre\u015blonej w ustawie o pomocy spo\u0142ecznej (na dzie\u0144 dzisiejszy jest <strong>to kwota \u00a0528,00 z\u0142 <\/strong>&#8211; z zastrze\u017ceniem, \u017ce kwota mo\u017ce ulec zmianie, gdy\u017c jest ona okre\u015blana w drodze rozporz\u0105dzenia), kt\u00f3ry ubiega si\u0119 o stypendium socjalne \u2013 jest\u00a0<strong>wprowadzenie obowi\u0105zku przed\u0142o\u017cenia\u00a0za\u015bwiadczenia z o\u015brodka pomocy spo\u0142ecznej o sytuacji dochodowej i maj\u0105tkowej swojej oraz rodziny. <\/strong>Za\u015bwiadczenie to musi by\u0107 aktualne, aby mog\u0142o przyczynia\u0107 si\u0119 do wyja\u015bnienia sprawy, a co za tym idzie, stanowi\u0107 dow\u00f3d w rozumieniu przepis\u00f3w Kodeksu post\u0119powania administracyjnego. Je\u017celi wnioskodawca nie do\u0142\u0105czy takiego za\u015bwiadczenia, rektor albo komisja stypendialna lub odwo\u0142awcza komisja stypendialna\u00a0<strong>ma obowi\u0105zek co do zasady odm\u00f3wi\u0107\u00a0przyznania stypendium socjalnego takiemu studentowi.<\/strong>\u00a0<\/p><p><strong>\u00a0Pragniemy zwr\u00f3ci\u0107 szczeg\u00f3ln\u0105 uwag\u0119 na tre\u015b\u0107 za\u015bwiadczenia &#8211; sama informacja i\u017c student nie korzysta\/korzysta z pomocy OPS nie jest wystarczaj\u0105ca. Tre\u015b\u0107 za\u015bwiadczenia jest \u015bci\u015ble okre\u015blona przez ustaw\u0119, po raz kolejny przypominamy, i\u017c musi to by\u0107 za\u015bwiadczenie z o\u015brodka pomocy spo\u0142ecznej o sytuacji dochodowej i maj\u0105tkowej swojej oraz rodziny. Za\u015bwiadczenie, kt\u00f3re nie b\u0119dzie zawiera\u0142o informacji na temat sytuacji dochodowej i maj\u0105tkowej studenta i jego rodziny, a tylko czy rodzina korzysta lub nie z pomocy spo\u0142ecznej, b\u0119dzie mia\u0142o taki sam skutek, jak nieprzedstawienie takiego za\u015bwiadczenia<\/strong><\/p><p><strong><a href=\"http:\/\/www.wsap2.home.pl\/pliki_admin\/fckeditor\/file\/stypendium\/wniosek_osrodek_pomocy_spolecznej.pdf\">Wz\u00f3r wniosku, kt\u00f3ry nale\u017cy z\u0142o\u017cy\u0107 w\u00a0 O\u015brodku Pomocy Spo\u0142ecznej<\/a><\/strong>\u00a0<\/p>\t\t\t\t\t<\/div>\n\t\t\t\t\t\t<\/div>\n\t\t\t\t<\/div>\n\t\t\t\t\t\t<\/div>\n\t\t\t\t\t<\/div>\n\t\t<\/div>\n\t\t\t\t<div class=\"elementor-column elementor-col-50 elementor-inner-column elementor-element elementor-element-f1e20c0\" data-id=\"f1e20c0\" data-element_type=\"column\">\n\t\t\t<div class=\"elementor-column-wrap elementor-element-populated\">\n\t\t\t\t\t\t\t<div class=\"elementor-widget-wrap\">\n\t\t\t\t\t\t<div class=\"elementor-element elementor-element-4fffda2 elementor-widget elementor-widget-text-editor\" data-id=\"4fffda2\" data-element_type=\"widget\" data-widget_type=\"text-editor.default\">\n\t\t\t\t<div class=\"elementor-widget-container\">\n\t\t\t\t\t\t\t\t<div class=\"elementor-text-editor elementor-clearfix\">\n\t\t\t\t<p><strong>art. 93 ust. 2 pkt 1<\/strong><\/p><p>\u015awiadczenia, o kt\u00f3rych mowa w art. 86 ust. 1 pkt 1\u20134 i art. 359 ust. 1 przys\u0142uguj\u0105 na studiach pierwszego stopnia, studiach drugiego stopnia i jednolitych studiach magisterskich,\u00a0<strong>jednak nie d\u0142u\u017cej ni\u017c przez okres 6 lat.<\/strong><\/p><p>MNiSW wskazuje, i\u017c doprecyzowano kwesti\u0119 okresu, w jakim przys\u0142uguj\u0105 studentowi uczelniane \u015bwiadczenia po\u00admocy materialnej oraz stypendium Ministra za znacz\u0105ce osi\u0105gni\u0119cia.\u00a0Przede wszystkim, przy\u00ads\u0142uguj\u0105 one na studiach pierwszego stopnia, studiach drugiego stopnia i jednolitych studiach magisterskich, jednak <strong>nie d\u0142u\u017cej ni\u017c przez okres 6 lat.<\/strong>\u00a0 Oznacza to, \u017ce \u0142\u0105czny okres, w kt\u00f3rym dana osoba mo\u017ce ubiega\u0107 si\u0119 o \u015bwiadczenia w ramach studi\u00f3w \u2013 niezale\u017cnie od ich rodzaju i d\u0142ugo\u015bci trwania, jak te\u017c uczelni, na kt\u00f3rych s\u0105 odbywane \u2013 <strong>nie mo\u017ce przekroczy\u0107 6 lat<\/strong>. Ter\u00admin ten biegnie r\u00f3wnie\u017c w\u00f3wczas, gdy osoba znajduje si\u0119 na urlopie od zaj\u0119\u0107, ale pozostaje na studiach. Dla biegu tego terminu nie ma znaczenia czy student wyst\u0119puje o te \u015bwiadczenia i czy je pobiera. 6-letni okres przys\u0142ugiwania \u015bwiadcze\u0144 rozpoczyna si\u0119 w momencie podj\u0119cia studi\u00f3w nabycia praw studenta po raz pierwszy. W przypadku przerwania studi\u00f3w i ponownego ich podj\u0119cia, liczenie wskazanego okresu jest kontynuowane, a nie rozpoczyna si\u0119 od nowa. Pozwoli to przeciwdzia\u0142a\u0107 zjawisku wielokrotnego rekrutowania si\u0119 na pierwszy rok studi\u00f3w pierwszego stopnia tylko w celu uzyskania \u015bwiadcze\u0144 pomocy materialnej.<\/p><p>Kolejno, uczelniane \u015bwiadczenia pomocy materialnej oraz stypendium Ministra za znacz\u0105ce osi\u0105gni\u0119cia nie przys\u0142uguj\u0105 studentowi posiadaj\u0105cemu tytu\u0142 zawodowy magistra, magistra in\u017cyniera albo r\u00f3wnorz\u0119dny \u2013 niezale\u017cnie, kiedy zosta\u0142 on uzyskany i na jakim kierunku. Prawa do tych \u015bwiadcze\u0144 pozbawiona jest tak\u017ce osoba posiadaj\u0105ca tytu\u0142 zawodowy licencjata, in\u00ad\u017cyniera albo r\u00f3wnorz\u0119dny, je\u017celi ponownie podejmuje studia pierwszego stopnia. Wskazane obostrzenia dotycz\u0105 tak\u017ce tytu\u0142\u00f3w zawodowych uzyskanych za granic\u0105.<\/p>\t\t\t\t\t<\/div>\n\t\t\t\t\t\t<\/div>\n\t\t\t\t<\/div>\n\t\t\t\t\t\t<\/div>\n\t\t\t\t\t<\/div>\n\t\t<\/div>\n\t\t\t\t\t\t\t\t<\/div>\n\t\t\t\t\t<\/div>\n\t\t<\/section>\n\t\t\t\t<section class=\"elementor-section elementor-inner-section elementor-element elementor-element-4f19b05 elementor-section-boxed elementor-section-height-default elementor-section-height-default elementor-invisible\" data-id=\"4f19b05\" data-element_type=\"section\" data-settings=\"{&quot;animation&quot;:&quot;rollIn&quot;}\">\n\t\t\t\t\t\t<div class=\"elementor-container elementor-column-gap-default\">\n\t\t\t\t\t\t\t<div class=\"elementor-row\">\n\t\t\t\t\t<div class=\"elementor-column elementor-col-50 elementor-inner-column elementor-element elementor-element-f3daaaf\" data-id=\"f3daaaf\" data-element_type=\"column\">\n\t\t\t<div class=\"elementor-column-wrap elementor-element-populated\">\n\t\t\t\t\t\t\t<div class=\"elementor-widget-wrap\">\n\t\t\t\t\t\t<div class=\"elementor-element elementor-element-90bafd8 elementor-widget elementor-widget-text-editor\" data-id=\"90bafd8\" data-element_type=\"widget\" data-widget_type=\"text-editor.default\">\n\t\t\t\t<div class=\"elementor-widget-container\">\n\t\t\t\t\t\t\t\t<div class=\"elementor-text-editor elementor-clearfix\">\n\t\t\t\t<p><strong>STYPENDIUM REKTORA<\/strong><\/p><p>Przes\u0142anki przyznania stypendium rektora zosta\u0142y jedynie nieco rozszerzone. Mo\u017ce je otrzyma\u0107 student, kt\u00f3ry uzyska\u0142 wyr\u00f3\u017cniaj\u0105ce wyniki w nauce, osi\u0105gni\u0119cia naukowe lub artystyczne, lub osi\u0105gni\u0119cia sportowe we wsp\u00f3\u0142zawodnictwie co najmniej na poziomie krajowym. W poprzednim stanie prawnym jedn\u0105 z przes\u0142anek by\u0142a \u201ewysoka \u015brednia ocen\u201d, zast\u0105piona obecnie \u201ewyr\u00f3\u017cniaj\u0105cymi wynikami w nauce\u201d.<\/p><p>Wprowadzono zmiany w przyznawaniu stypendium rektora studentom przyj\u0119tym na pierwszy rok studi\u00f3w w roku z\u0142o\u017cenia egzaminu maturalnego. Przys\u0142uguje ono bezwzgl\u0119dnie w przypadku z\u0142o\u017cenia stosownego wniosku:<\/p><ul><li>laureatom olimpiady mi\u0119dzynarodowej albo laureatom lub finalistom olimpiady stopnia centralnego, o kt\u00f3rych mowa w przepisach o systemie o\u015bwiaty, a zatem dookre\u015blono, \u017ce uprawnienia takiego nie maj\u0105 laureaci regionalni<\/li><li>medalistom co najmniej wsp\u00f3\u0142zawodnictwa sportowego o tytu\u0142 Mistrza Polski w danym sporcie, <br \/>o kt\u00f3rym mowa w przepisach o sporcie.<\/li><\/ul><p>Zachowano zasad\u0119, \u017ce stypendium rektora przyznaje si\u0119 nie wi\u0119cej ni\u017c 10% student\u00f3w na okre\u015blonym kierunku studi\u00f3w. Je\u017celi liczba student\u00f3w jest mniejsza ni\u017c 10, stypendium rektora mo\u017ce by\u0107 przyznane 1 studentowi. Przy ustalaniu tej liczby nie uwzgl\u0119dnia si\u0119 wskazanych wy\u017cej student\u00f3w otrzymuj\u0105cych stypendium rektora na pierwszy rok studi\u00f3w w roku z\u0142o\u017cenia egzaminu maturalnego.<\/p>\t\t\t\t\t<\/div>\n\t\t\t\t\t\t<\/div>\n\t\t\t\t<\/div>\n\t\t\t\t\t\t<\/div>\n\t\t\t\t\t<\/div>\n\t\t<\/div>\n\t\t\t\t<div class=\"elementor-column elementor-col-50 elementor-inner-column elementor-element elementor-element-ff4b6ab\" data-id=\"ff4b6ab\" data-element_type=\"column\">\n\t\t\t<div class=\"elementor-column-wrap elementor-element-populated\">\n\t\t\t\t\t\t\t<div class=\"elementor-widget-wrap\">\n\t\t\t\t\t\t<div class=\"elementor-element elementor-element-a952733 elementor-widget elementor-widget-text-editor\" data-id=\"a952733\" data-element_type=\"widget\" data-widget_type=\"text-editor.default\">\n\t\t\t\t<div class=\"elementor-widget-container\">\n\t\t\t\t\t\t\t\t<div class=\"elementor-text-editor elementor-clearfix\">\n\t\t\t\t<p><strong>STYPENDIUM DLA OS\u00d3B NIEPE\u0141NOSPRAWNYCH<\/strong><\/p><p>W katalogu \u015bwiadcze\u0144 pomocy materialnej przys\u0142uguj\u0105cych studentom pozostawiono tak\u017ce stypendium dla os\u00f3b niepe\u0142nosprawnych. W aktualnym stanie prawnym mo\u017ce otrzyma\u0107 je student posiadaj\u0105cy jedno z orzecze\u0144 nale\u017c\u0105cych do zamkni\u0119tego katalogu:<\/p><ul><li>orzeczenie o niepe\u0142nosprawno\u015bci<\/li><li>orzeczenie o stopniu niepe\u0142nosprawno\u015bci<\/li><li>orzeczenie o zaliczeniu do grupy inwalid\u00f3w<\/li><li>orzeczenia lekarza orzecznika ZUS o ca\u0142kowitej niezdolno\u015bci do pracy, albo o niezdolno\u015bci do samodzielnej egzystencji, albo o cz\u0119\u015bciowej niezdolno\u015bci do pracy.<\/li><\/ul>\t\t\t\t\t<\/div>\n\t\t\t\t\t\t<\/div>\n\t\t\t\t<\/div>\n\t\t\t\t\t\t<\/div>\n\t\t\t\t\t<\/div>\n\t\t<\/div>\n\t\t\t\t\t\t\t\t<\/div>\n\t\t\t\t\t<\/div>\n\t\t<\/section>\n\t\t\t\t<section class=\"elementor-section elementor-inner-section elementor-element elementor-element-be9e40a elementor-section-boxed elementor-section-height-default elementor-section-height-default elementor-invisible\" data-id=\"be9e40a\" data-element_type=\"section\" data-settings=\"{&quot;animation&quot;:&quot;jello&quot;}\">\n\t\t\t\t\t\t<div class=\"elementor-container elementor-column-gap-default\">\n\t\t\t\t\t\t\t<div class=\"elementor-row\">\n\t\t\t\t\t<div class=\"elementor-column elementor-col-50 elementor-inner-column elementor-element elementor-element-82ebf64\" data-id=\"82ebf64\" data-element_type=\"column\">\n\t\t\t<div class=\"elementor-column-wrap elementor-element-populated\">\n\t\t\t\t\t\t\t<div class=\"elementor-widget-wrap\">\n\t\t\t\t\t\t<div class=\"elementor-element elementor-element-73faafb elementor-widget elementor-widget-text-editor\" data-id=\"73faafb\" data-element_type=\"widget\" data-widget_type=\"text-editor.default\">\n\t\t\t\t<div class=\"elementor-widget-container\">\n\t\t\t\t\t\t\t\t<div class=\"elementor-text-editor elementor-clearfix\">\n\t\t\t\t<p><strong>ZAPOMOGA<\/strong><\/p><p>\u00a0<\/p><p>W nowej ustawie zmieniono dotychczasow\u0105 regulacj\u0119 dotycz\u0105c\u0105 zapomogi. Mo\u017ce otrzyma\u0107 j\u0105 student, kt\u00f3ry znalaz\u0142 si\u0119 przej\u015bciowo w trudnej sytuacji \u017cyciowej (a nie \u201esytuacji materialnej\u201d, jak dotychczas) i nie jest ju\u017c konieczne, aby nast\u0105pi\u0142o to z \u201eprzyczyn losowych\u201d. Tym samym zapomoga mo\u017ce by\u0107 przyznana w sytuacji nielosowej.\u00a0 Poj\u0119cie \u201etrudnej sytuacji \u017cyciowej\u201d b\u0119dzie\u00a0 precyzowa\u0142 regulamin \u015bwiadcze\u0144 dla student\u00f3w w ramach \u201eszczeg\u00f3\u0142owych kryteri\u00f3w\u201d. \u00a0Przez trudn\u0105 sytuacj\u0119 \u017cyciow\u0105 uzasadniaj\u0105c\u0105 przyznanie jednorazowego wsparcia finansowego w formie zapomogi nale\u017cy rozumie\u0107 og\u00f3\u0142 warunk\u00f3w\u00a0 ( np. materialnych, rodzinnych, spo\u0142ecznych, zdrowotnych), w jakich znalaz\u0142a si\u0119 rodzina studenta, powoduj\u0105cych przej\u015bciowe problemy w spe\u0142nianiu potrzeb materialnych rodziny. Przyznanie zapomogi danemu studentowi nie mo\u017ce nast\u0105pi\u0107 cz\u0119\u015bciej ni\u017c dwa razy do roku.<\/p>\t\t\t\t\t<\/div>\n\t\t\t\t\t\t<\/div>\n\t\t\t\t<\/div>\n\t\t\t\t\t\t<\/div>\n\t\t\t\t\t<\/div>\n\t\t<\/div>\n\t\t\t\t<div class=\"elementor-column elementor-col-50 elementor-inner-column elementor-element elementor-element-c8a8cf6\" data-id=\"c8a8cf6\" data-element_type=\"column\">\n\t\t\t<div class=\"elementor-column-wrap\">\n\t\t\t\t\t\t\t<div class=\"elementor-widget-wrap\">\n\t\t\t\t\t\t\t\t<\/div>\n\t\t\t\t\t<\/div>\n\t\t<\/div>\n\t\t\t\t\t\t\t\t<\/div>\n\t\t\t\t\t<\/div>\n\t\t<\/section>\n\t\t\t\t\t\t<\/div>\n\t\t\t\t\t<\/div>\n\t\t<\/div>\n\t\t\t\t\t\t\t\t<\/div>\n\t\t\t\t\t<\/div>\n\t\t<\/section>\n\t\t\t\t\t\t\t\t\t<\/div>\n\t\t\t<\/div>\n\t\t\t\t\t<\/div>\n\t\t","protected":false},"excerpt":{"rendered":"<p>ZMIANY DOTYCZ\u0104CE ZASAD UBIEGANIA SI\u0118 O \u015aWIADCZENIA (STYPENDIA) DLA STUDENT\u00d3W ZGODNIE Z NOW\u0104 USTAW\u0104 PRAWO O SZKOLNICTWIE WY\u017bSZYM I NAUCE Z DNIA 20 LIPCA 2018 R. Nowa ustawa wprowadza m.in. nast\u0119puj\u0105ce bardzo wa\u017cne zmiany: art. 88 ust 4 Rektor albo komisja stypendialna lub odwo\u0142awcza komisja stypendialna odmawia przyznania stypendium socjalnego studentowi, kt\u00f3rego miesi\u0119czny doch\u00f3d na [&hellip;]<\/p>\n","protected":false},"author":3,"featured_media":0,"parent":0,"menu_order":0,"comment_status":"closed","ping_status":"closed","template":"","meta":{"footnotes":""},"class_list":["post-1209","page","type-page","status-publish","hentry","entry"],"_links":{"self":[{"href":"http:\/\/old.wsap.com.pl\/index.php?rest_route=\/wp\/v2\/pages\/1209"}],"collection":[{"href":"http:\/\/old.wsap.com.pl\/index.php?rest_route=\/wp\/v2\/pages"}],"about":[{"href":"http:\/\/old.wsap.com.pl\/index.php?rest_route=\/wp\/v2\/types\/page"}],"author":[{"embeddable":true,"href":"http:\/\/old.wsap.com.pl\/index.php?rest_route=\/wp\/v2\/users\/3"}],"replies":[{"embeddable":true,"href":"http:\/\/old.wsap.com.pl\/index.php?rest_route=%2Fwp%2Fv2%2Fcomments&post=1209"}],"version-history":[{"count":4,"href":"http:\/\/old.wsap.com.pl\/index.php?rest_route=\/wp\/v2\/pages\/1209\/revisions"}],"predecessor-version":[{"id":3996,"href":"http:\/\/old.wsap.com.pl\/index.php?rest_route=\/wp\/v2\/pages\/1209\/revisions\/3996"}],"wp:attachment":[{"href":"http:\/\/old.wsap.com.pl\/index.php?rest_route=%2Fwp%2Fv2%2Fmedia&parent=1209"}],"curies":[{"name":"wp","href":"https:\/\/api.w.org\/{rel}","templated":true}]}}