{"id":1409,"date":"2020-02-14T09:32:52","date_gmt":"2020-02-14T09:32:52","guid":{"rendered":"http:\/\/old.wsap.com.pl\/?page_id=1409"},"modified":"2022-11-08T19:13:02","modified_gmt":"2022-11-08T17:13:02","slug":"studenci-niepelnosprawni","status":"publish","type":"page","link":"http:\/\/old.wsap.com.pl\/?page_id=1409","title":{"rendered":"Studenci niepe\u0142nosprawni"},"content":{"rendered":"\t\t<div data-elementor-type=\"wp-page\" data-elementor-id=\"1409\" class=\"elementor elementor-1409\">\n\t\t\t\t\t\t<div class=\"elementor-inner\">\n\t\t\t\t<div class=\"elementor-section-wrap\">\n\t\t\t\t\t\t\t\t\t<section class=\"elementor-section elementor-top-section elementor-element elementor-element-32750200 elementor-section-boxed elementor-section-height-default elementor-section-height-default\" data-id=\"32750200\" data-element_type=\"section\">\n\t\t\t\t\t\t<div class=\"elementor-container elementor-column-gap-default\">\n\t\t\t\t\t\t\t<div class=\"elementor-row\">\n\t\t\t\t\t<div class=\"elementor-column elementor-col-100 elementor-top-column elementor-element elementor-element-709fcbfe\" data-id=\"709fcbfe\" data-element_type=\"column\">\n\t\t\t<div class=\"elementor-column-wrap elementor-element-populated\">\n\t\t\t\t\t\t\t<div class=\"elementor-widget-wrap\">\n\t\t\t\t\t\t<div class=\"elementor-element elementor-element-ec772d6 elementor-widget elementor-widget-text-editor\" data-id=\"ec772d6\" data-element_type=\"widget\" data-widget_type=\"text-editor.default\">\n\t\t\t\t<div class=\"elementor-widget-container\">\n\t\t\t\t\t\t\t\t<div class=\"elementor-text-editor elementor-clearfix\">\n\t\t\t\t<h4 style=\"text-align: center;\">Wy\u017csza Szko\u0142a Administracji Publicznej w Ostro\u0142\u0119ce d\u0105\u017cy do tego, aby ka\u017cdy mia\u0142 r\u00f3wne szanse i mo\u017cliwo\u015bci pe\u0142nego uczestniczenia w \u017cyciu spo\u0142eczno\u015bci akademickiej.<br \/>Z pomocy pe\u0142nomocnika mog\u0105 korzysta\u0107 studenci oraz kandydaci na studia, kt\u00f3rzy posiadaj\u0105 orzeczenie o niepe\u0142nosprawno\u015bci.<\/h4><h4 style=\"text-align: center;\">\u00a0<\/h4><h4 style=\"text-align: center;\"><u><b>Oferta dla student\u00f3w:<\/b><\/u><br \/><br \/>\u2022 Pomoc w rozwi\u0105zywaniu problem\u00f3w zwi\u0105zanych z funkcjonowaniem w Uczelni, w tym: dostosowanie formy egzaminu do potrzeb studenta &#8211; w porozumieniu z egzaminatorem, tworzenie indywidualnych warunk\u00f3w korzystania z biblioteki, adaptacja elektroniczna materia\u0142\u00f3w dydaktycznych.<br \/>\u2022 Uzyskanie informacji o mo\u017cliwo\u015bci otrzymywania stypendi\u00f3w specjalnych.<br \/>\u2022 Wsp\u00f3\u0142dzia\u0142anie z innymi jednostkami organizacyjnymi Uczelni na rzecz pe\u0142nej integracji spo\u0142ecznej oraz aktywizacji zawodowej os\u00f3b niepe\u0142nosprawnych.<br \/>\u2022 Wsparcie student\u00f3w niepe\u0142nosprawnych w rozwi\u0105zaniu zg\u0142aszanych problem\u00f3w.<br \/><br \/><u><b>Oferta dla kandydat\u00f3w na studia:<\/b><\/u><br \/><br \/>\u2022 Uzyskanie informacji o mo\u017cliwo\u015bciach kszta\u0142cenia si\u0119 w naszej Uczelni przez osoby niepe\u0142nosprawne.<\/h4>\t\t\t\t\t<\/div>\n\t\t\t\t\t\t<\/div>\n\t\t\t\t<\/div>\n\t\t\t\t<section class=\"elementor-section elementor-inner-section elementor-element elementor-element-15dd335 elementor-section-boxed elementor-section-height-default elementor-section-height-default\" data-id=\"15dd335\" data-element_type=\"section\">\n\t\t\t\t\t\t<div class=\"elementor-container elementor-column-gap-default\">\n\t\t\t\t\t\t\t<div class=\"elementor-row\">\n\t\t\t\t\t<div class=\"elementor-column elementor-col-50 elementor-inner-column elementor-element elementor-element-fed749b\" data-id=\"fed749b\" data-element_type=\"column\">\n\t\t\t<div class=\"elementor-column-wrap elementor-element-populated\">\n\t\t\t\t\t\t\t<div class=\"elementor-widget-wrap\">\n\t\t\t\t\t\t<div class=\"elementor-element elementor-element-f5c600b elementor-widget elementor-widget-image\" data-id=\"f5c600b\" data-element_type=\"widget\" data-widget_type=\"image.default\">\n\t\t\t\t<div class=\"elementor-widget-container\">\n\t\t\t\t\t\t\t\t<div class=\"elementor-image\">\n\t\t\t\t\t\t\t\t\t\t\t\t\t<a href=\"https:\/\/reaxum.eu\/graduaton\/\">\n\t\t\t\t\t\t\t<img loading=\"lazy\" decoding=\"async\" width=\"1024\" height=\"427\" src=\"http:\/\/old.wsap.com.pl\/wp-content\/uploads\/2020\/02\/GraduatON_mini-1024x427.jpg\" class=\"attachment-large size-large\" alt=\"\" srcset=\"http:\/\/old.wsap.com.pl\/wp-content\/uploads\/2020\/02\/GraduatON_mini-1024x427.jpg 1024w, http:\/\/old.wsap.com.pl\/wp-content\/uploads\/2020\/02\/GraduatON_mini-300x125.jpg 300w, http:\/\/old.wsap.com.pl\/wp-content\/uploads\/2020\/02\/GraduatON_mini-768x320.jpg 768w, http:\/\/old.wsap.com.pl\/wp-content\/uploads\/2020\/02\/GraduatON_mini.jpg 1200w\" sizes=\"(max-width: 1024px) 100vw, 1024px\" \/>\t\t\t\t\t\t\t\t<\/a>\n\t\t\t\t\t\t\t\t\t\t\t\t\t\t<\/div>\n\t\t\t\t\t\t<\/div>\n\t\t\t\t<\/div>\n\t\t\t\t<div class=\"elementor-element elementor-element-5b0596e elementor-widget elementor-widget-image\" data-id=\"5b0596e\" data-element_type=\"widget\" data-widget_type=\"image.default\">\n\t\t\t\t<div class=\"elementor-widget-container\">\n\t\t\t\t\t\t\t\t<div class=\"elementor-image\">\n\t\t\t\t\t\t\t\t\t\t\t\t\t<a href=\"http:\/\/old.wsap.com.pl\/pliki\/inne\/og\u0142oszenie_Absolwent.pdf\">\n\t\t\t\t\t\t\t<img loading=\"lazy\" decoding=\"async\" width=\"724\" height=\"1024\" src=\"http:\/\/old.wsap.com.pl\/wp-content\/uploads\/2020\/08\/grafika-do-og\u0142oszenia.jpg\" class=\"attachment-large size-large\" alt=\"\" srcset=\"http:\/\/old.wsap.com.pl\/wp-content\/uploads\/2020\/08\/grafika-do-og\u0142oszenia.jpg 724w, http:\/\/old.wsap.com.pl\/wp-content\/uploads\/2020\/08\/grafika-do-og\u0142oszenia-212x300.jpg 212w\" sizes=\"(max-width: 724px) 100vw, 724px\" \/>\t\t\t\t\t\t\t\t<\/a>\n\t\t\t\t\t\t\t\t\t\t\t\t\t\t<\/div>\n\t\t\t\t\t\t<\/div>\n\t\t\t\t<\/div>\n\t\t\t\t\t\t<\/div>\n\t\t\t\t\t<\/div>\n\t\t<\/div>\n\t\t\t\t<div class=\"elementor-column elementor-col-50 elementor-inner-column elementor-element elementor-element-3af9224\" data-id=\"3af9224\" data-element_type=\"column\">\n\t\t\t<div class=\"elementor-column-wrap elementor-element-populated\">\n\t\t\t\t\t\t\t<div class=\"elementor-widget-wrap\">\n\t\t\t\t\t\t<div class=\"elementor-element elementor-element-d146673 elementor-widget elementor-widget-image\" data-id=\"d146673\" data-element_type=\"widget\" data-widget_type=\"image.default\">\n\t\t\t\t<div class=\"elementor-widget-container\">\n\t\t\t\t\t\t\t\t<div class=\"elementor-image\">\n\t\t\t\t\t\t\t\t\t\t\t\t\t<a href=\"http:\/\/old.wsap.com.pl\/wp-content\/uploads\/2020\/02\/ogloszeniestaz.jpg\" data-elementor-open-lightbox=\"yes\" data-elementor-lightbox-title=\"ogloszeniestaz\" e-action-hash=\"#elementor-action%3Aaction%3Dlightbox%26settings%3DeyJpZCI6MTQxNCwidXJsIjoiaHR0cDpcL1wvb2xkLndzYXAuY29tLnBsXC93cC1jb250ZW50XC91cGxvYWRzXC8yMDIwXC8wMlwvb2dsb3N6ZW5pZXN0YXouanBnIn0%3D\">\n\t\t\t\t\t\t\t<img loading=\"lazy\" decoding=\"async\" width=\"724\" height=\"1024\" src=\"http:\/\/old.wsap.com.pl\/wp-content\/uploads\/2020\/02\/ogloszeniestaz.jpg\" class=\"attachment-large size-large\" alt=\"\" srcset=\"http:\/\/old.wsap.com.pl\/wp-content\/uploads\/2020\/02\/ogloszeniestaz.jpg 724w, http:\/\/old.wsap.com.pl\/wp-content\/uploads\/2020\/02\/ogloszeniestaz-212x300.jpg 212w\" sizes=\"(max-width: 724px) 100vw, 724px\" \/>\t\t\t\t\t\t\t\t<\/a>\n\t\t\t\t\t\t\t\t\t\t\t\t\t\t<\/div>\n\t\t\t\t\t\t<\/div>\n\t\t\t\t<\/div>\n\t\t\t\t\t\t<\/div>\n\t\t\t\t\t<\/div>\n\t\t<\/div>\n\t\t\t\t\t\t\t\t<\/div>\n\t\t\t\t\t<\/div>\n\t\t<\/section>\n\t\t\t\t<section class=\"elementor-section elementor-inner-section elementor-element elementor-element-2d6511d9 elementor-section-boxed elementor-section-height-default elementor-section-height-default\" data-id=\"2d6511d9\" data-element_type=\"section\">\n\t\t\t\t\t\t<div class=\"elementor-container elementor-column-gap-default\">\n\t\t\t\t\t\t\t<div class=\"elementor-row\">\n\t\t\t\t\t<div class=\"elementor-column elementor-col-50 elementor-inner-column elementor-element elementor-element-7617c103 elementor-invisible\" data-id=\"7617c103\" data-element_type=\"column\" data-settings=\"{&quot;animation&quot;:&quot;fadeInLeft&quot;}\">\n\t\t\t<div class=\"elementor-column-wrap elementor-element-populated\">\n\t\t\t\t\t\t\t<div class=\"elementor-widget-wrap\">\n\t\t\t\t\t\t<div class=\"elementor-element elementor-element-47dae2d elementor-widget elementor-widget-heading\" data-id=\"47dae2d\" data-element_type=\"widget\" data-widget_type=\"heading.default\">\n\t\t\t\t<div class=\"elementor-widget-container\">\n\t\t\t<h5 class=\"elementor-heading-title elementor-size-default\">Przypominamy o mo\u017cliwo\u015bci z\u0142o\u017cenia wniosku o przydzielenie asystenta studenta niepe\u0142nosprawnego przez student\u00f3w posiadaj\u0105cych orzeczenie o stopniu niepe\u0142nosprawno\u015bci.<\/h5>\t\t<\/div>\n\t\t\t\t<\/div>\n\t\t\t\t<div class=\"elementor-element elementor-element-7015e574 elementor-widget elementor-widget-text-editor\" data-id=\"7015e574\" data-element_type=\"widget\" data-widget_type=\"text-editor.default\">\n\t\t\t\t<div class=\"elementor-widget-container\">\n\t\t\t\t\t\t\t\t<div class=\"elementor-text-editor elementor-clearfix\">\n\t\t\t\t<p><b>Zakres pomocy asystenta studenta niepe\u0142nosprawnego obejmuje wsparcie:<\/b><\/p><p>1. podczas dojazdu na Uczelni\u0119 i do domu (tylko osoby zamieszka\u0142e na terenie miasta Ostro\u0142\u0119ka),<\/p><p>2. w przemieszczaniu si\u0119 podczas i pomi\u0119dzy zaj\u0119ciami,<\/p><p>3. w sporz\u0105dzaniu notatek (w przypadku kiedy student nie jest w stanie wykona\u0107 ich samodzielnie podczas wyk\u0142ad\u00f3w i \u0107wicze\u0144),<\/p><p>4. w adaptacji materia\u0142\u00f3w dydaktycznych (zmiana formy materia\u0142\u00f3w dydaktycznych z g\u0142osowej na pisan\u0105, z pisanej na g\u0142osow\u0105), je\u017celi jest to konieczne ze wzgl\u0119du na charakter i rodzaj niepe\u0142nosprawno\u015bci,<\/p><p>5. podczas korzystania z czytelni, bibliotek np. w wypo\u017cyczaniu niezb\u0119dnych do nauki ksi\u0105\u017cek,<\/p><p>6. podczas za\u0142atwiania bie\u017c\u0105cych spraw zwi\u0105zanych z procesem kszta\u0142cenia (np. wizyty<br \/>w dziekanacie),<\/p><p>7. w innych przypadkach zg\u0142oszonych przez studenta a wynikaj\u0105cych z jego uzasadnionych indywidualnych potrzeb zwi\u0105zanych z procesem kszta\u0142cenia.<\/p><p>Podstaw\u0105 ubiegania si\u0119 o prawo do korzystania z pomocy asystenta studenta niepe\u0142nosprawnego jest z\u0142o\u017cenie wniosku do Pe\u0142nomocnika ds. Os\u00f3b Niepe\u0142nosprawnych WSAP w Ostro\u0142\u0119ce, wed\u0142ug wzoru okre\u015blonego w za\u0142\u0105czniku nr 1 do Regulaminu przyznawania wsparcia &#8211; pomoc asystenta studenta niepe\u0142nosprawnego w Wy\u017cszej Szkole Administracji Publicznej w Ostro\u0142\u0119ce.<\/p><p>Szczeg\u00f3\u0142owych informacji na temat asystent\u00f3w udzieli:<br \/><b><br \/><\/b><\/p><p><b>Justyna Modzelewska<br \/>tel.: 29\/760 68 86<br \/>e-mail: j.modzelewska@old.wsap.com.pl<\/b><\/p>\t\t\t\t\t<\/div>\n\t\t\t\t\t\t<\/div>\n\t\t\t\t<\/div>\n\t\t\t\t\t\t<\/div>\n\t\t\t\t\t<\/div>\n\t\t<\/div>\n\t\t\t\t<div class=\"elementor-column elementor-col-50 elementor-inner-column elementor-element elementor-element-7f0e0d7d elementor-invisible\" data-id=\"7f0e0d7d\" data-element_type=\"column\" data-settings=\"{&quot;animation&quot;:&quot;fadeInRight&quot;}\">\n\t\t\t<div class=\"elementor-column-wrap elementor-element-populated\">\n\t\t\t\t\t\t\t<div class=\"elementor-widget-wrap\">\n\t\t\t\t\t\t<div class=\"elementor-element elementor-element-c9731d3 elementor-widget elementor-widget-image\" data-id=\"c9731d3\" data-element_type=\"widget\" data-widget_type=\"image.default\">\n\t\t\t\t<div class=\"elementor-widget-container\">\n\t\t\t\t\t\t\t\t<div class=\"elementor-image\">\n\t\t\t\t\t\t\t\t\t\t\t\t\t<a href=\"http:\/\/old.wsap.com.pl\/wp-content\/uploads\/2020\/02\/projekt.jpg\" data-elementor-open-lightbox=\"yes\" data-elementor-lightbox-title=\"projekt\" e-action-hash=\"#elementor-action%3Aaction%3Dlightbox%26settings%3DeyJpZCI6MTQxOSwidXJsIjoiaHR0cDpcL1wvb2xkLndzYXAuY29tLnBsXC93cC1jb250ZW50XC91cGxvYWRzXC8yMDIwXC8wMlwvcHJvamVrdC5qcGcifQ%3D%3D\">\n\t\t\t\t\t\t\t<img loading=\"lazy\" decoding=\"async\" width=\"724\" height=\"1024\" src=\"http:\/\/old.wsap.com.pl\/wp-content\/uploads\/2020\/02\/projekt-724x1024.jpg\" class=\"attachment-large size-large\" alt=\"\" srcset=\"http:\/\/old.wsap.com.pl\/wp-content\/uploads\/2020\/02\/projekt-724x1024.jpg 724w, http:\/\/old.wsap.com.pl\/wp-content\/uploads\/2020\/02\/projekt-212x300.jpg 212w, http:\/\/old.wsap.com.pl\/wp-content\/uploads\/2020\/02\/projekt-768x1087.jpg 768w, http:\/\/old.wsap.com.pl\/wp-content\/uploads\/2020\/02\/projekt-1086x1536.jpg 1086w, http:\/\/old.wsap.com.pl\/wp-content\/uploads\/2020\/02\/projekt.jpg 1018w\" sizes=\"(max-width: 724px) 100vw, 724px\" \/>\t\t\t\t\t\t\t\t<\/a>\n\t\t\t\t\t\t\t\t\t\t\t\t\t\t<\/div>\n\t\t\t\t\t\t<\/div>\n\t\t\t\t<\/div>\n\t\t\t\t\t\t<\/div>\n\t\t\t\t\t<\/div>\n\t\t<\/div>\n\t\t\t\t\t\t\t\t<\/div>\n\t\t\t\t\t<\/div>\n\t\t<\/section>\n\t\t\t\t\t\t<\/div>\n\t\t\t\t\t<\/div>\n\t\t<\/div>\n\t\t\t\t\t\t\t\t<\/div>\n\t\t\t\t\t<\/div>\n\t\t<\/section>\n\t\t\t\t<section class=\"elementor-section elementor-top-section elementor-element elementor-element-1c0b32cc elementor-section-boxed elementor-section-height-default elementor-section-height-default\" data-id=\"1c0b32cc\" data-element_type=\"section\" data-settings=\"{&quot;background_background&quot;:&quot;classic&quot;}\">\n\t\t\t\t\t\t\t<div class=\"elementor-background-overlay\"><\/div>\n\t\t\t\t\t\t\t<div class=\"elementor-container elementor-column-gap-default\">\n\t\t\t\t\t\t\t<div class=\"elementor-row\">\n\t\t\t\t\t<div class=\"elementor-column elementor-col-100 elementor-top-column elementor-element elementor-element-68ecbf94\" data-id=\"68ecbf94\" data-element_type=\"column\">\n\t\t\t<div class=\"elementor-column-wrap elementor-element-populated\">\n\t\t\t\t\t\t\t<div class=\"elementor-widget-wrap\">\n\t\t\t\t\t\t<section class=\"elementor-section elementor-inner-section elementor-element elementor-element-5a039b64 elementor-section-boxed elementor-section-height-default elementor-section-height-default elementor-invisible\" data-id=\"5a039b64\" data-element_type=\"section\" data-settings=\"{&quot;animation&quot;:&quot;fadeInUp&quot;,&quot;animation_delay&quot;:&quot;400&quot;}\">\n\t\t\t\t\t\t<div class=\"elementor-container elementor-column-gap-default\">\n\t\t\t\t\t\t\t<div class=\"elementor-row\">\n\t\t\t\t\t<div class=\"elementor-column elementor-col-50 elementor-inner-column elementor-element elementor-element-700336c8\" data-id=\"700336c8\" data-element_type=\"column\">\n\t\t\t<div class=\"elementor-column-wrap elementor-element-populated\">\n\t\t\t\t\t\t\t<div class=\"elementor-widget-wrap\">\n\t\t\t\t\t\t<div class=\"elementor-element elementor-element-7330e02f elementor-widget elementor-widget-text-editor\" data-id=\"7330e02f\" data-element_type=\"widget\" data-widget_type=\"text-editor.default\">\n\t\t\t\t<div class=\"elementor-widget-container\">\n\t\t\t\t\t\t\t\t<div class=\"elementor-text-editor elementor-clearfix\">\n\t\t\t\t<p style=\"text-align: center;\">Zapraszamy Student\u00f3w do korzystania z Sali fitness (sala nr 73) \u2013 czynna:<br \/>od poniedzia\u0142ku do czwartku w godz. 8:00 \u2013 16:00,<br \/>pi\u0105tek, sobota w godz. 8:00 \u2013 18:00.<\/p>\t\t\t\t\t<\/div>\n\t\t\t\t\t\t<\/div>\n\t\t\t\t<\/div>\n\t\t\t\t\t\t<\/div>\n\t\t\t\t\t<\/div>\n\t\t<\/div>\n\t\t\t\t<div class=\"elementor-column elementor-col-50 elementor-inner-column elementor-element elementor-element-282fc20b\" data-id=\"282fc20b\" data-element_type=\"column\">\n\t\t\t<div class=\"elementor-column-wrap elementor-element-populated\">\n\t\t\t\t\t\t\t<div class=\"elementor-widget-wrap\">\n\t\t\t\t\t\t<div class=\"elementor-element elementor-element-349707d3 elementor-widget elementor-widget-text-editor\" data-id=\"349707d3\" data-element_type=\"widget\" data-widget_type=\"text-editor.default\">\n\t\t\t\t<div class=\"elementor-widget-container\">\n\t\t\t\t\t\t\t\t<div class=\"elementor-text-editor elementor-clearfix\">\n\t\t\t\t<p style=\"text-align: center;\">Pe\u0142nomocnik Rektora ds. student\u00f3w z niepe\u0142nosprawno\u015bci\u0105<\/p><p style=\"text-align: center;\">\u00a0<\/p><h3 style=\"text-align: center;\"><strong>mgr Justyna Modzelewska\u00a0 <\/strong><\/h3><h3 style=\"text-align: center;\"><strong>tel. 29\u00a0760 68 86 ,<\/strong><\/h3><h3 style=\"text-align: center;\"><strong> j.modzelewska@old.wsap.com.pl<\/strong><\/h3>\t\t\t\t\t<\/div>\n\t\t\t\t\t\t<\/div>\n\t\t\t\t<\/div>\n\t\t\t\t\t\t<\/div>\n\t\t\t\t\t<\/div>\n\t\t<\/div>\n\t\t\t\t\t\t\t\t<\/div>\n\t\t\t\t\t<\/div>\n\t\t<\/section>\n\t\t\t\t<section class=\"elementor-section elementor-inner-section elementor-element elementor-element-31ebcd32 elementor-section-boxed elementor-section-height-default elementor-section-height-default\" data-id=\"31ebcd32\" data-element_type=\"section\">\n\t\t\t\t\t\t<div class=\"elementor-container elementor-column-gap-default\">\n\t\t\t\t\t\t\t<div class=\"elementor-row\">\n\t\t\t\t\t<div class=\"elementor-column elementor-col-50 elementor-inner-column elementor-element elementor-element-56e2dd47 elementor-invisible\" data-id=\"56e2dd47\" data-element_type=\"column\" data-settings=\"{&quot;animation&quot;:&quot;fadeInLeft&quot;}\">\n\t\t\t<div class=\"elementor-column-wrap elementor-element-populated\">\n\t\t\t\t\t\t\t<div class=\"elementor-widget-wrap\">\n\t\t\t\t\t\t<div class=\"elementor-element elementor-element-234f4d57 elementor-widget elementor-widget-image\" data-id=\"234f4d57\" data-element_type=\"widget\" data-widget_type=\"image.default\">\n\t\t\t\t<div class=\"elementor-widget-container\">\n\t\t\t\t\t\t\t\t<div class=\"elementor-image\">\n\t\t\t\t\t\t\t\t\t\t\t\t<img decoding=\"async\" src=\"http:\/\/old.wsap.com.pl\/wp-content\/uploads\/elementor\/thumbs\/gym-297059_1280-qvqmelxgcl7gk4vi1jffnyaaipizmwro1ps60ogzqs.jpg\" title=\"gym-297059_1280\" alt=\"gym-297059_1280\" \/>\t\t\t\t\t\t\t\t\t\t\t\t\t\t<\/div>\n\t\t\t\t\t\t<\/div>\n\t\t\t\t<\/div>\n\t\t\t\t\t\t<\/div>\n\t\t\t\t\t<\/div>\n\t\t<\/div>\n\t\t\t\t<div class=\"elementor-column elementor-col-50 elementor-inner-column elementor-element elementor-element-624d6906 elementor-invisible\" data-id=\"624d6906\" data-element_type=\"column\" data-settings=\"{&quot;animation&quot;:&quot;fadeInRight&quot;}\">\n\t\t\t<div class=\"elementor-column-wrap elementor-element-populated\">\n\t\t\t\t\t\t\t<div class=\"elementor-widget-wrap\">\n\t\t\t\t\t\t<div class=\"elementor-element elementor-element-7db277d8 elementor-widget elementor-widget-image\" data-id=\"7db277d8\" data-element_type=\"widget\" data-widget_type=\"image.default\">\n\t\t\t\t<div class=\"elementor-widget-container\">\n\t\t\t\t\t\t\t\t<div class=\"elementor-image\">\n\t\t\t\t\t\t\t\t\t\t\t\t<img decoding=\"async\" src=\"http:\/\/old.wsap.com.pl\/wp-content\/uploads\/elementor\/thumbs\/4531-qvqmbrh1nnb7en0bnt53m651rpjzbwgxbmo8piowl0.jpg\" title=\"Group of happy young students in a university.\" alt=\"Group of happy young students in a university.\" \/>\t\t\t\t\t\t\t\t\t\t\t\t\t\t<\/div>\n\t\t\t\t\t\t<\/div>\n\t\t\t\t<\/div>\n\t\t\t\t\t\t<\/div>\n\t\t\t\t\t<\/div>\n\t\t<\/div>\n\t\t\t\t\t\t\t\t<\/div>\n\t\t\t\t\t<\/div>\n\t\t<\/section>\n\t\t\t\t\t\t<\/div>\n\t\t\t\t\t<\/div>\n\t\t<\/div>\n\t\t\t\t\t\t\t\t<\/div>\n\t\t\t\t\t<\/div>\n\t\t<\/section>\n\t\t\t\t\t\t\t\t\t<\/div>\n\t\t\t<\/div>\n\t\t\t\t\t<\/div>\n\t\t","protected":false},"excerpt":{"rendered":"<p>Wy\u017csza Szko\u0142a Administracji Publicznej w Ostro\u0142\u0119ce d\u0105\u017cy do tego, aby ka\u017cdy mia\u0142 r\u00f3wne szanse i mo\u017cliwo\u015bci pe\u0142nego uczestniczenia w \u017cyciu spo\u0142eczno\u015bci akademickiej.Z pomocy pe\u0142nomocnika mog\u0105 korzysta\u0107 studenci oraz kandydaci na studia, kt\u00f3rzy posiadaj\u0105 orzeczenie o niepe\u0142nosprawno\u015bci. \u00a0 Oferta dla student\u00f3w: \u2022 Pomoc w rozwi\u0105zywaniu problem\u00f3w zwi\u0105zanych z funkcjonowaniem w Uczelni, w tym: dostosowanie formy egzaminu [&hellip;]<\/p>\n","protected":false},"author":3,"featured_media":0,"parent":0,"menu_order":0,"comment_status":"closed","ping_status":"closed","template":"","meta":{"footnotes":""},"class_list":["post-1409","page","type-page","status-publish","hentry","entry"],"_links":{"self":[{"href":"http:\/\/old.wsap.com.pl\/index.php?rest_route=\/wp\/v2\/pages\/1409"}],"collection":[{"href":"http:\/\/old.wsap.com.pl\/index.php?rest_route=\/wp\/v2\/pages"}],"about":[{"href":"http:\/\/old.wsap.com.pl\/index.php?rest_route=\/wp\/v2\/types\/page"}],"author":[{"embeddable":true,"href":"http:\/\/old.wsap.com.pl\/index.php?rest_route=\/wp\/v2\/users\/3"}],"replies":[{"embeddable":true,"href":"http:\/\/old.wsap.com.pl\/index.php?rest_route=%2Fwp%2Fv2%2Fcomments&post=1409"}],"version-history":[{"count":18,"href":"http:\/\/old.wsap.com.pl\/index.php?rest_route=\/wp\/v2\/pages\/1409\/revisions"}],"predecessor-version":[{"id":4903,"href":"http:\/\/old.wsap.com.pl\/index.php?rest_route=\/wp\/v2\/pages\/1409\/revisions\/4903"}],"wp:attachment":[{"href":"http:\/\/old.wsap.com.pl\/index.php?rest_route=%2Fwp%2Fv2%2Fmedia&parent=1409"}],"curies":[{"name":"wp","href":"https:\/\/api.w.org\/{rel}","templated":true}]}}